 be the second derivative of -b**3/6 - 7*b**2/2 + 16*b. Let y be k(-5). What is the tens digit of -37*y/1 - 1?
7
Let a = -72 + 67. What is the hundreds digit of (-5)/a*364 - -3?
3
Suppose -1294 = -2*v + 2*o - 5*o, -3*v + 3*o + 1926 = 0. Suppose 92*r = 88*r + v. What is the tens digit of r?
6
Suppose 3*c + 31 = -2*x + 2, -76 = 3*x - 2*c. Let m(d) be the first derivative of d**3/3 + 19*d**2/2 + 54*d - 3. What is the units digit of m(x)?
0
Let i(x) = x**3 - 21*x**2 + 120*x + 11. Let w be i(10). Let u be 57 + 2/(-1 + 3). Suppose -4*o + p = -0*o - w, -2*o = 2*p - u. What is the units digit of o?
8
Suppose 0 = -117*i - 387128 + 1513838. What is the thousands digit of i?
9
Let a(n) = -172*n + 30 + 18 - 58*n + 7. What is the units digit of a(-3)?
5
Let z(l) = -2*l + 51. Suppose 5*k = 4*r + 47, 3*k + r - 27 = 4*r. What is the tens digit of z(k)?
2
Suppose 0 = 38*n - 40*n + 14. Suppose 5*s - 18 = -4*h + n*s, 3*h + 3 = -4*s. What is the units digit of h?
3
Suppose 0 = -5*c - 2*f + 66, -2*c + f - 5*f = -36. What is the hundreds digit of (-3)/(c/(-54) - 9/(-41))?
1
Suppose -2*z + 3*i = -179 + 24, -3*i - 365 = -5*z. What is the units digit of (-308)/(-3) + (z/15)/(-7)?
2
What is the tens digit of (7 - (-120670)/33)/((-2)/(-6))?
9
What is the tens digit of 2/3 - (425460/(-945))/(2/21)?
2
What is the thousands digit of ((14059638/108)/(-41))/(1/(-6))?
9
Suppose 16*r - 24*r = 160. What is the units digit of (-4)/r + (-2364)/(-5)?
3
What is the units digit of 4*(-33)/(-22) - -69895?
1
Let l be (38/6 + -7)/(4/(-18)). Suppose 4*t + 5*h - 719 = 0, -6*t + l*t + 541 = 2*h. What is the tens digit of t?
8
Suppose 0 = 10*h - 24 - 76. Let g = h - 7. Suppose 3*n - 2*l - 423 = 0, n - g*l - 68 = 66. What is the hundreds digit of n?
1
Let s be (3420/(-35) - 2)/(8/(-56)). Let c = s + -182. What is the hundreds digit of c?
5
Let t = 27 + -21. Let u be (12/(-21))/(1*t/(-21)). Suppose 10 - 34 = -u*i. What is the tens digit of i?
1
Let t(f) = -f - 2. Let u be t(-8). Let o be (u/(-24))/(1/(-68)). Suppose -a = o - 55. What is the units digit of a?
8
Suppose 981 - 976 = n. What is the hundreds digit of (-1 - -2 - -2) + 2110/n?
4
Let i(x) = x**2 - 23*x - 1. Let r be i(23). Let k be -2 + -1 + (-20)/r. Let y(f) = -2*f + 41. What is the units digit of y(k)?
7
Let h(z) = 7*z**2 + 2*z**2 + z**3 + 20 - 13*z + 5*z. Let s be h(-10). What is the hundreds digit of 131*1 + (s/4)/7?
1
Let v = 409 - -267. Let p = v - 155. What is the tens digit of p?
2
Let x(u) = -5 + 4*u**2 - u + 5*u**2 + 1. Let d = 517 + -515. What is the units digit of x(d)?
0
Suppose 32*a + 80 = 22*a. What is the hundreds digit of 25332/24 - 4/a?
0
What is the units digit of -11 - (-52 + 54)/((-4)/121554)?
6
Let y = -5251 + 8232. What is the tens digit of y?
8
Let s(d) be the first derivative of -d**4/4 + 4*d**3 - 10*d**2 + 2*d - 1. What is the tens digit of s(7)?
0
Suppose -4*t + 4*o - 15861 = -66521, t + 5*o = 12617. What is the ten thousands digit of t?
1
Let t(i) = 45*i - 45. Let h(f) = 5*f**2 - 8*f + 7. Let s be h(2). What is the tens digit of t(s)?
5
Suppose -878493 - 272412 - 120610 = -35*v. What is the ten thousands digit of v?
3
Suppose 18*y - 582 + 3030 = 0. What is the units digit of (-18012)/(-68) - 16/y?
5
What is the thousands digit of (-34)/(-2)*(-2)/(-3)*(-519432)/(-368)?
5
Let c(d) = 1027*d**2 + 58*d + 131. What is the units digit of c(-5)?
6
What is the hundreds digit of 3/((-75)/(-2))*4020420/(-222)*-25?
2
Let v be (1*20)/(7/((-84)/4)). Let l = v + 65. Suppose -l*z + 406 + 204 = 0. What is the tens digit of z?
2
Suppose -37 + 37 = 5*m. What is the units digit of (119 - m) + (42 - 45)?
6
Let h be -3 - (-3 - (3 + -3)). Suppose 3*d + 349 - 37 = 3*w, h = -d + 4. What is the hundreds digit of w?
1
Suppose -170 = -v - 5*p, p = -4*p - 20. Suppose -4*k + 493 = 4*b - 267, v = k - 2*b. What is the tens digit of k?
9
Suppose 70*h - 42*h = 111804. What is the units digit of h?
3
Let a = -8675 + 15950. What is the thousands digit of a?
7
Let r be ((-28)/3 - 0)/((-12)/18). Let g(x) = -r - 84*x + 176*x - 80*x. What is the tens digit of g(9)?
9
Let r = 10592 - 9308. What is the hundreds digit of r?
2
Let k = -5555 + 13170. What is the tens digit of k?
1
Let z = -6458 + 12367. What is the tens digit of z?
0
Suppose -2*r = 2*r - 404. Suppose x - r = 33. What is the tens digit of x?
3
Let p(x) = -7*x**2 + 12*x + 21. Let i be p(17). Let k = i + 870. Let l = -644 - k. What is the hundreds digit of l?
2
Suppose -y - 2*y - u = -4, -8 = -y + 3*u. Suppose 11 = -y*x + 17. What is the units digit of (258/9)/(x/(-18)*-4)?
3
Let x = 476 + -487. Let q be (-4)/((-4)/(-17)) - -1. Let a = x - q. What is the units digit of a?
5
Suppose -4*k + 2*a = -22, a = 3*a + 10. Suppose 3*p - 3*y + 6*y - 1458 = 0, k*p + 5*y = 1452. What is the tens digit of p?
8
What is the units digit of (1584/10)/(25 + (-2618)/105)?
6
Suppose -5*c + 5*i + 134479 = -6986, 2*c + i = 56586. What is the units digit of c?
3
Suppose 2*m - d + 10 - 12 = 0, -5*m + 3 = -3*d. Suppose -m*u + 3*h = 2*h - 1828, -h = -4*u + 2439. What is the tens digit of u?
1
Let j = -2931 - -3601. Let y be 10/(-4)*(-2 + -4). What is the tens digit of ((-6)/y)/((-2)/j)?
3
Let s = 361 + -209. Let i be 4 - 0 - s/(-19). Suppose 0 = -t - 5*z + 10, -4 - i = 4*z. What is the tens digit of t?
3
Suppose 59107 + 131041 = 7*m. What is the thousands digit of m?
7
Suppose 4*f - 10*b + 5*b - 7196 = 0, -2*b - 7184 = -4*f. Let o = f + -1104. What is the units digit of o?
0
Let p(d) = 36*d + 1116. What is the tens digit of p(57)?
6
Suppose 3167 = 9*k + 5*k - 2965. What is the tens digit of k?
3
Let y = -10985 + 27902. What is the tens digit of y?
1
Suppose 34 = 3*y - 2*s, -63 = -5*y - 2*s - s. Suppose 4*j + 5*b - 1 = j, 4*j - 4*b = 12. What is the tens digit of j/y - (-2755)/30?
9
Suppose 8 = -4*d, -z - 4*d - 16 = -12. Suppose z*m = 3*c + 398, m + 4*m + 3*c - 511 = 0. What is the hundreds digit of m?
1
Let y = 97 - 93. Suppose 1307 = 3*m - y*k, k + 2*k + 870 = 2*m. What is the hundreds digit of m?
4
Let i be (18/24)/((-4)/(-80)). What is the tens digit of (-1918)/(-6) + 5/i*-2?
1
Let z(s) = -957*s**3 - 8*s - 15. What is the thousands digit of z(-2)?
7
Let q(f) = -16*f**3 + 3*f**2 + 3*f + 22. What is the tens digit of q(-5)?
8
Let y(a) = 8481*a - 928. What is the hundreds digit of y(3)?
5
Let y = 238 + -76. Let p = 424 + y. What is the units digit of p?
6
Let b be (-3)/(-42) + 240/(-224). Let w = 1 + 4. What is the tens digit of w*(b + 4)*9?
3
Let j(h) = -h**3 + 73*h**2 + 32*h - 180. What is the thousands digit of j(69)?
1
Suppose -13*n + 47111 = -2575. What is the hundreds digit of n?
8
Let w = -7455 + 20890. What is the tens digit of w?
3
Let h(q) = q**2 + 441*q - 22. What is the hundreds digit of h(17)?
7
Suppose 86436 = 40*q - 22*q. What is the tens digit of q?
0
Let a(x) = 2*x**2 + 4*x - 12. Let b be a(-5). Suppose -4*i - c + 9 = 0, 4*i + 0*c - 3 = -3*c. Suppose -i*v = b - 87. What is the tens digit of v?
2
Suppose -4*n - 2*f = 26, 3*n - 2 = -4*f - 24. Let q be 4280/12*n/(-5). Suppose -11*y - q = -15*y. What is the units digit of y?
7
Suppose 0 = -18*r + 7*r - 1540. Let c = r - -314. What is the hundreds digit of c?
1
Let u = -24089 - -37850. What is the hundreds digit of (-2 - (-1 + 0))/((-33)/u)?
4
Let y = 563 + -546. Let d(l) = 63*l - 7. What is the tens digit of d(y)?
6
Let r(n) = 123*n + 93. Let h be r(-8). Let s = 1609 + h. What is the tens digit of s?
1
Suppose 0 = 13*p - 29*p + 33095 + 37097. What is the units digit of p?
7
Suppose 14 = t - 22. Suppose 0 = -2*f + a - 48, 0*f + t = -2*f + 4*a. Let h = f + 103. What is the tens digit of h?
7
Let y = 11597 + -4308. What is the tens digit of y?
8
Let q = -1418 - -2377. Suppose 17*x - q = 3325. What is the hundreds digit of x?
2
Suppose 5*d + 44*w = 45*w - 3, 2*w = -4*d + 6. Suppose 28*k - 24*k - 6444 = d. What is the thousands digit of k?
1
Let k = -1177 + 2199. What is the units digit of k?
2
Let l(w) = 4*w**2 + 15*w + 6. Let u(x) be the first derivative of x**3/3 - 3*x**2 + 3*x - 16. Let m be u(3). What is the tens digit of l(m)?
6
Let y be 32/(-2 - 304/(-148)) + -2. Suppose 7*k - 5*z = 12*k - y, -5*k - 4*z = -585. What is the hundreds digit of k?
1
Let f be ((-144)/(-120))/((-3)/430). Let i = f + 286. What is the hundreds digit of i?
1
Let i(g) 